{"id":3283,"date":"2016-10-12T05:53:16","date_gmt":"2016-10-12T05:53:16","guid":{"rendered":"http:\/\/orionmna.com\/2016\/?page_id=3283"},"modified":"2016-12-28T15:55:51","modified_gmt":"2016-12-28T15:55:51","slug":"levee-2","status":"publish","type":"page","link":"https:\/\/orionmna.com\/2016\/levee-2\/","title":{"rendered":"lev\u00e9e"},"content":{"rendered":"<div class=\"fw-page-builder-content\">\n<h4>Etablir un argumentaire solide pour obtenir les meilleures conditions<\/h4>\n<p>La lev\u00e9e de fonds est un processus pr\u00e9cis et rythm\u00e9, divis\u00e9 en \u00e9tapes cl\u00e9s. Il ne faut lancer le processus que si la soci\u00e9t\u00e9 r\u00e9ponds aux attentes du march\u00e9 de l&rsquo;investissement dans son domaine d&rsquo;activit\u00e9.<\/p>\n<p>Les conditions de la lev\u00e9e doivent donner \u00e0 la soci\u00e9t\u00e9 les moyens de son d\u00e9veloppement comme la capacit\u00e9 de faire face aux al\u00e9as qu&rsquo;elle pourra rencontrer.<\/p>\n<p>Nous d\u00e9roulons une m\u00e9thodologie de bout en bout respectant les meilleures pratiques internationales des M&amp;A,<\/p>\n<h1 class=\"fw-special-title\">Pr\u00e9paration et Dialogue Investisseurs<\/h1>\n<p> B\u00e2tir son argumentaire<\/p>\n<h4>Analyse et \u00e9valuation de la Soci\u00e9t\u00e9 <\/h4>\n<p>&#8211; Conseil et assistance pour la formulation de la strat\u00e9gie, et validation des hypoth\u00e8ses-cl\u00e9s du business plan.- D\u00e9termination du montant et des conditions du Placement<\/p>\n<h4>Pr\u00e9paration du dossier de Pr\u00e9sentation<\/h4>\n<p>&#8211; Etude et r\u00e9vision de tous les documents existants incluant pacte d\u2019actionnaires et accords entre actionnaires- R\u00e9daction du teaser au format Orion.- Finalisation du memo financier.- \u00c9laboration du montage financier propos\u00e9 aux investisseurs- Management Presentation pour le \u00ab\u00a0road show\u00a0\u00bb- Pr\u00e9paration avec la Soci\u00e9t\u00e9 et ses conseils de la base documentaire pour les futures diligences des investisseurs.<\/p>\n<h4>Rencontres avec les Investisseurs<\/h4>\n<p>&#8211; Selection des Liste d\u2019investisseurs : A et B- Pr\u00e9paration et accompagnement de l\u2019\u00e9quipe dirigeante.- Conduite des r\u00e9unions avec les investisseurs int\u00e9ress\u00e9s par le Placement.- Participation aux analyses pr\u00e9paratoires et travaux des conseils (avocats, experts-comptables, commissaires aux comptes, banques et Actionnaires existants).<\/p>\n<h1 class=\"fw-special-title\">LOI et Closing<\/h1>\n<p> La derni\u00e8re ligne droite<\/p>\n<h4>La lettre d&rsquo;intention<\/h4>\n<p>Ce document d\u00e9crit les termes de l&rsquo;investissement, les diff\u00e9rentes tranches \u00e9ventuelles avec leurs conditions.Il d\u00e9crit \u00e9galement les engagements et droits respectifs des fondateurs des actionnaires d\u00e9ja pr\u00e9sents et des nouveaux investisseuts.Cette \u00e9tape cl\u00e9 du cours des n\u00e9gociations permet d\u2019ouvrir la p\u00e9riode limit\u00e9e des due diligence le plus souvent en exclusivit\u00e9 pour un groupe d&rsquo;investisseurs .<\/p>\n<h4>Closing et documents d\u00e9finitifs<\/h4>\n<p>&#8211; Organisation de la Data Room et suivi des questions r\u00e9ponses- Coordination et supervision des travaux de tous conseils, notamment juridiques charg\u00e9s de la pr\u00e9paration et de la r\u00e9daction des documents finaux.o Protocole d&rsquo;accordo Pacte d&rsquo;actionnaireso Contrats annexes<\/p>\n<\/div>\n","protected":false},"excerpt":{"rendered":"<p>Etablir un argumentaire solide pour obtenir les meilleures conditions La lev\u00e9e de fonds est un processus pr\u00e9cis et rythm\u00e9, divis\u00e9 en \u00e9tapes cl\u00e9s. Il ne faut lancer le processus que si la soci\u00e9t\u00e9 r\u00e9ponds aux attentes du march\u00e9 de l&rsquo;investissement dans son domaine d&rsquo;activit\u00e9. Les conditions de la lev\u00e9e doivent donner \u00e0 la soci\u00e9t\u00e9 les [&hellip;]<\/p>\n","protected":false},"author":1,"featured_media":0,"parent":0,"menu_order":0,"comment_status":"closed","ping_status":"closed","template":"visual-builder-template.php","meta":[],"_links":{"self":[{"href":"https:\/\/orionmna.com\/2016\/wp-json\/wp\/v2\/pages\/3283"}],"collection":[{"href":"https:\/\/orionmna.com\/2016\/wp-json\/wp\/v2\/pages"}],"about":[{"href":"https:\/\/orionmna.com\/2016\/wp-json\/wp\/v2\/types\/page"}],"author":[{"embeddable":true,"href":"https:\/\/orionmna.com\/2016\/wp-json\/wp\/v2\/users\/1"}],"replies":[{"embeddable":true,"href":"https:\/\/orionmna.com\/2016\/wp-json\/wp\/v2\/comments?post=3283"}],"version-history":[{"count":29,"href":"https:\/\/orionmna.com\/2016\/wp-json\/wp\/v2\/pages\/3283\/revisions"}],"predecessor-version":[{"id":3392,"href":"https:\/\/orionmna.com\/2016\/wp-json\/wp\/v2\/pages\/3283\/revisions\/3392"}],"wp:attachment":[{"href":"https:\/\/orionmna.com\/2016\/wp-json\/wp\/v2\/media?parent=3283"}],"curies":[{"name":"wp","href":"https:\/\/api.w.org\/{rel}","templated":true}]}}