{"id":3046,"date":"2016-04-02T20:00:53","date_gmt":"2016-04-02T20:00:53","guid":{"rendered":"http:\/\/orionmna.com\/2016\/?page_id=3046"},"modified":"2022-08-13T19:01:04","modified_gmt":"2022-08-13T19:01:04","slug":"formation","status":"publish","type":"page","link":"https:\/\/orionmna.com\/2016\/formation\/","title":{"rendered":"Seminaires"},"content":{"rendered":"<div class=\"fw-page-builder-content\">\n<h1 class=\"fw-special-title\">S\u00e9minaires de formation \u00e0 la Cession<\/h1>\n<p> B\u00e9n\u00e9ficier des meilleures pratiques pour r\u00e9ussir son op\u00e9ration<\/p>\n<h4 style=\"text-align: center;\">Objectifs de la formation<\/h4>\n<p style=\"text-align: center;\">Vous aider \u00e0\u00a0d\u00e9terminer si votre organisation est pr\u00eate pour une cession.Comprendre ce qui determine votre valeur pour un acheteur.Comment argumenter votre valeurVous aider \u00e0\u00a0trouver le \u00ab\u00a0meilleur acheteur\u00a0\u00bb<\/p>\n<h4 style=\"text-align: center;\">Les questions les plus fr\u00e9quentes sont:<\/h4>\n<p style=\"text-align: center;\">Est ce le bon moment pour vendre ?Combien de temps dure une op\u00e9ration ?Comment vaut ma soci\u00e9t\u00e9 ?Que faire pour augmenter la valeur de la soci\u00e9t\u00e9?<\/p>\n<h3 class=\"fw-special-title\">Quatre s\u00e9minaires pour se pr\u00e9parer<\/h3>\n<p> R\u00e9ussir la sortie dans les meilleures conditions avec les meilleures pratiques issues de plus de 20 ans d&rsquo;exp\u00e9rience internationale de M&#038;A <\/p>\n<h5>Choisir le bon moment&#8230;<\/h5>\n<p class=\"teaser_small\">d\u00e9pend des&nbsp;conditions de march\u00e9, des fondamentaux op\u00e9rationnels et de votre position dans le cycle de vie des produits.<\/p>\n<h5>Maitriser le Calendrier <\/h5>\n<p class=\"teaser_small\">Etablir le planning, maitriser le passage des \u00e9tapes, acc\u00e9l\u00e9rer dans les phases critiques.<\/p>\n<h5>Identifier les acheteurs<\/h5>\n<p class=\"teaser_small\">Trouver les meilleurs Acheteurs&nbsp;par march\u00e9, identifier les synergies.<\/p>\n<h5>Obtenir la meilleure Valeur<\/h5>\n<p>Les mod\u00e8les\u00a0de valorisation.Comment les acheteurs vous \u00e9valuent.Argumenter la valeur en fonction des \u00a0attentes des acheteurs.<\/p>\n<p> <a href=\"https:\/\/orionmna.com\/2016\/?page_id=3202\" target=\"_self\" class=\"fw-btn tf-sh-2a9fd1cba47c5546a8207ab646db3b37 fw-btn-md fw-btn-2\" style=\"\"><br \/>\n Programme du s\u00e9minaire.<br \/>\n <\/a><br \/>\n <a href=\"https:\/\/orionmna.com\/2016\/?page_id=3187\" target=\"_self\" class=\"fw-btn tf-sh-9056448940142f336fe6b3b721957f60 fw-btn-md fw-btn-2\" style=\"\"><br \/>\n Programme du s\u00e9minaire.<br \/>\n <\/a><br \/>\n <a href=\"https:\/\/orionmna.com\/2016\/?page_id=3157\" target=\"_self\" class=\"fw-btn tf-sh-29289d8b5a924197585b2674dd11b612 fw-btn-md fw-btn-2\" style=\"\"><br \/>\n Programme du s\u00e9minaire.<br \/>\n <\/a><br \/>\n <a href=\"https:\/\/orionmna.com\/2016\/?page_id=3095\" target=\"_self\" class=\"fw-btn tf-sh-b3aa916962dc9652d7723d56d8f0e88e fw-btn-md fw-btn-2\" style=\"\"><br \/>\n Programme du s\u00e9minaire.<br \/>\n <\/a><\/p>\n<h3 class=\"fw-special-title\">Les intervenants<\/h3>\n<p> Une \u00e9quipe internationale de praticiens du M&#038;A, anciens dirigeants de soci\u00e9t\u00e9 \u00ab\u00a0High Tech\u00a0\u00bb<br \/>\n <img decoding=\"async\" itemprop=\"image\" src=\"https:\/\/orionmna.com\/2016\/wp-content\/uploads\/2016\/02\/jft-lkdn1.png\" alt=\"jft lkdn\" data-maxdpr=\"1.7\" width=\"200\" class=\"lazyload\" \/><img decoding=\"async\" src=\"data:image\/gif;base64,R0lGODlhAQABAIAAAAAAAP\/\/\/yH5BAEAAAAALAAAAAABAAEAAAIBRAA7\" data-sizes=\"auto\" data-srcset=\"https:\/\/orionmna.com\/2016\/wp-content\/uploads\/2016\/02\/jft-lkdn1.png 150w\" alt=\"jft lkdn\" data-maxdpr=\"1.7\" width=\"200\" class=\"lazyload\" \/><\/p>\n<h5>J\u00e9r\u00f4me Fougerat<\/h5>\n<p>Ancien journaliste et r\u00e9dacteur en chef de Capital Finance. Plus de quinze\u00a0ans \u00a0d&rsquo;exp\u00e9rience comme dirigeant de soci\u00e9t\u00e9 IT .<\/p>\n<p>Diplom\u00e9 de Lettres et EMBA HEC<\/p>\n<p> <img decoding=\"async\" itemprop=\"image\" src=\"https:\/\/orionmna.com\/2016\/wp-content\/uploads\/2016\/03\/marshall-LKN.png\" alt=\"marshall LKN\" data-maxdpr=\"1.7\" width=\"200\" class=\"lazyload\" \/><img decoding=\"async\" src=\"data:image\/gif;base64,R0lGODlhAQABAIAAAAAAAP\/\/\/yH5BAEAAAAALAAAAAABAAEAAAIBRAA7\" data-sizes=\"auto\" data-srcset=\"https:\/\/orionmna.com\/2016\/wp-content\/uploads\/2016\/03\/marshall-LKN.png 150w\" alt=\"marshall LKN\" data-maxdpr=\"1.7\" width=\"200\" class=\"lazyload\" \/><\/p>\n<h5>Marshall Warwaruk<\/h5>\n<p>Plus de vingt&nbsp;ans d&rsquo;exp\u00e9rience comme dirigeant d&rsquo;\u00e9diteurs de logiciel. Plus de dix ans de fusions acquisition de soci\u00e9t\u00e9 \u00ab\u00a0high tech\u00a0\u00bb.<\/p>\n<p>Intervenant &nbsp;reconnu dans les&nbsp;s\u00e9minaires et congr\u00e8s internationaux de M&amp;A.<\/p>\n<p>&nbsp;<\/p>\n<\/div>\n","protected":false},"excerpt":{"rendered":"<p>S\u00e9minaires de formation \u00e0 la Cession B\u00e9n\u00e9ficier des meilleures pratiques pour r\u00e9ussir son op\u00e9ration Objectifs de la formation Vous aider \u00e0\u00a0d\u00e9terminer si votre organisation est pr\u00eate pour une cession.Comprendre ce qui determine votre valeur pour un acheteur.Comment argumenter votre valeurVous aider \u00e0\u00a0trouver le \u00ab\u00a0meilleur acheteur\u00a0\u00bb Les questions les plus fr\u00e9quentes sont: Est ce le bon [&hellip;]<\/p>\n","protected":false},"author":1,"featured_media":0,"parent":0,"menu_order":0,"comment_status":"closed","ping_status":"closed","template":"visual-builder-template.php","meta":[],"_links":{"self":[{"href":"https:\/\/orionmna.com\/2016\/wp-json\/wp\/v2\/pages\/3046"}],"collection":[{"href":"https:\/\/orionmna.com\/2016\/wp-json\/wp\/v2\/pages"}],"about":[{"href":"https:\/\/orionmna.com\/2016\/wp-json\/wp\/v2\/types\/page"}],"author":[{"embeddable":true,"href":"https:\/\/orionmna.com\/2016\/wp-json\/wp\/v2\/users\/1"}],"replies":[{"embeddable":true,"href":"https:\/\/orionmna.com\/2016\/wp-json\/wp\/v2\/comments?post=3046"}],"version-history":[{"count":73,"href":"https:\/\/orionmna.com\/2016\/wp-json\/wp\/v2\/pages\/3046\/revisions"}],"predecessor-version":[{"id":3496,"href":"https:\/\/orionmna.com\/2016\/wp-json\/wp\/v2\/pages\/3046\/revisions\/3496"}],"wp:attachment":[{"href":"https:\/\/orionmna.com\/2016\/wp-json\/wp\/v2\/media?parent=3046"}],"curies":[{"name":"wp","href":"https:\/\/api.w.org\/{rel}","templated":true}]}}