{"id":2827,"date":"2016-03-24T22:36:26","date_gmt":"2016-03-24T21:36:26","guid":{"rendered":"http:\/\/orionmna.com\/2016\/?page_id=2827"},"modified":"2016-12-17T17:17:03","modified_gmt":"2016-12-17T17:17:03","slug":"blog-orion","status":"publish","type":"page","link":"https:\/\/orionmna.com\/2016\/blog-orion\/","title":{"rendered":"BLOG ORION"},"content":{"rendered":"<div class=\"fw-page-builder-content\">\n<h2 class=\"fw-special-title\">Le Blog ORION M&#038;A<\/h2>\n<p> Quelques reflexions sur les sujets courants<\/p>\n<h4 class=\"entry-title\" itemprop=\"headline\">\n <a href=\"https:\/\/orionmna.com\/2016\/comment-trouver-le-meilleur-acheteur\/\">Comment trouver le meilleur acheteur ?<\/a><br \/>\n <\/h4>\n<p> <a href=\"https:\/\/orionmna.com\/2016\/comment-trouver-le-meilleur-acheteur\/\" class=\"post-thumbnail fw-block-image-child fw-ratio-1 fw-ratio-container\"><br \/>\n <img decoding=\"async\" itemprop=\"image\" src=\"https:\/\/orionmna.com\/2016\/wp-content\/uploads\/2015\/02\/partenaires-1-.jpg\" alt=\"partenaires-1-\" data-maxdpr=\"1.7\" class=\"attachment-post-thumbnail lazyload\" \/><img decoding=\"async\" src=\"data:image\/gif;base64,R0lGODlhAQABAIAAAAAAAP\/\/\/yH5BAEAAAAALAAAAAABAAEAAAIBRAA7\" data-sizes=\"auto\" data-srcset=\"https:\/\/orionmna.com\/2016\/wp-content\/uploads\/2015\/02\/partenaires-1--150x150.jpg 150w, https:\/\/orionmna.com\/2016\/wp-content\/uploads\/2015\/02\/partenaires-1--300x300.jpg 300w\" alt=\"partenaires-1-\" data-maxdpr=\"1.7\" class=\"attachment-post-thumbnail lazyload\" \/><br \/>\n <\/a><\/p>\n<p>Cet article est le premier d&rsquo;une s\u00e9rie d&rsquo;articles sur le th\u00e8me : &laquo;&nbsp;comment et o\u00f9 trouver le meilleur acheteur&nbsp;&raquo; .<br \/>\nIl ne s&rsquo;agit pas d&rsquo;une baguette magique infaillible mais plut\u00f4t d&rsquo;une m\u00e9thode de travail . <\/p>\n<p> By <a href=\"https:\/\/orionmna.com\/2016\/author\/orion_2016\/\" title=\"Articles par Yvon C\" rel=\"author\">Yvon C<\/a><br \/>\n <a rel=\"bookmark\" href=\"https:\/\/orionmna.com\/2016\/comment-trouver-le-meilleur-acheteur\/\"><br \/>\n 2 avril 2015<br \/>\n <\/a><\/p>\n<h4 class=\"entry-title\" itemprop=\"headline\">\n <a href=\"https:\/\/orionmna.com\/2016\/se-concentrer-pour-reussir\/\">Se focaliser pour r\u00e9ussir<\/a><br \/>\n <\/h4>\n<p> <a href=\"https:\/\/orionmna.com\/2016\/se-concentrer-pour-reussir\/\" class=\"post-thumbnail fw-block-image-child fw-ratio-1 fw-ratio-container\"><br \/>\n <img decoding=\"async\" itemprop=\"image\" src=\"https:\/\/orionmna.com\/2016\/wp-content\/uploads\/2015\/03\/focus-bord.png\" alt=\"focus bord\" data-maxdpr=\"1.7\" class=\"attachment-post-thumbnail lazyload\" \/><img decoding=\"async\" src=\"data:image\/gif;base64,R0lGODlhAQABAIAAAAAAAP\/\/\/yH5BAEAAAAALAAAAAABAAEAAAIBRAA7\" data-sizes=\"auto\" data-srcset=\"https:\/\/orionmna.com\/2016\/wp-content\/uploads\/2015\/03\/focus-bord-150x150.png 150w\" alt=\"focus bord\" data-maxdpr=\"1.7\" class=\"attachment-post-thumbnail lazyload\" \/><br \/>\n <\/a><\/p>\n<p>Avant de mettre une soci\u00e9t\u00e9 sur le march\u00e9, il est quelquefois n\u00e9cessaire de r\u00e9organiser son portefeuille d&rsquo;activit\u00e9. Ceci permet de r\u00e9orienter la soci\u00e9t\u00e9 sur la voie d&rsquo;une meilleure rentabilit\u00e9.<\/p>\n<p> By <a href=\"https:\/\/orionmna.com\/2016\/author\/orion_2016\/\" title=\"Articles par Yvon C\" rel=\"author\">Yvon C<\/a><br \/>\n <a rel=\"bookmark\" href=\"https:\/\/orionmna.com\/2016\/se-concentrer-pour-reussir\/\"><br \/>\n 10 mars 2015<br \/>\n <\/a><\/p>\n<h4 class=\"entry-title\" itemprop=\"headline\">\n <a href=\"https:\/\/orionmna.com\/2016\/pourquoi-un-big-four-acquiert-un-cabinet-specialise-en-securite\/\">Pourquoi un \u00ab Big Four \u00bb acquiert un cabinet sp\u00e9cialis\u00e9 en S\u00e9curit\u00e9 ?<\/a><br \/>\n <\/h4>\n<p> <a href=\"https:\/\/orionmna.com\/2016\/pourquoi-un-big-four-acquiert-un-cabinet-specialise-en-securite\/\" class=\"post-thumbnail fw-block-image-child fw-ratio-1 fw-ratio-container\"><br \/>\n <img decoding=\"async\" itemprop=\"image\" src=\"https:\/\/orionmna.com\/2016\/wp-content\/uploads\/2015\/02\/Big4-B.png\" alt=\"Big4-B\" data-maxdpr=\"1.7\" class=\"attachment-post-thumbnail lazyload\" \/><img decoding=\"async\" src=\"data:image\/gif;base64,R0lGODlhAQABAIAAAAAAAP\/\/\/yH5BAEAAAAALAAAAAABAAEAAAIBRAA7\" data-sizes=\"auto\" data-srcset=\"https:\/\/orionmna.com\/2016\/wp-content\/uploads\/2015\/02\/Big4-B-150x150.png 150w, https:\/\/orionmna.com\/2016\/wp-content\/uploads\/2015\/02\/Big4-B-300x300.png 300w\" alt=\"Big4-B\" data-maxdpr=\"1.7\" class=\"attachment-post-thumbnail lazyload\" \/><br \/>\n <\/a><\/p>\n<p>Le cabinetun acteur historique reconnu pour la technicit\u00e9 de ses formations.<br \/>\nEtant donn\u00e9 sa taille, les clients ne lui confiait que des contrats de taille limit\u00e9e avec un taux horaire \u201cmoyen\u201d.<br \/>\nL\u2019activit\u00e9 historique du \u00ab Big Four \u00bb est le commissariat aux comptes et l\u2019audit. Ceci lui a permis de nouer des relations de confiance avec les directions g\u00e9n\u00e9rales des grands comptes.<\/p>\n<p> By <a href=\"https:\/\/orionmna.com\/2016\/author\/orion_2016\/\" title=\"Articles par Yvon C\" rel=\"author\">Yvon C<\/a><br \/>\n <a rel=\"bookmark\" href=\"https:\/\/orionmna.com\/2016\/pourquoi-un-big-four-acquiert-un-cabinet-specialise-en-securite\/\"><br \/>\n 1 f\u00e9vrier 2015<br \/>\n <\/a><\/p>\n<h4 class=\"entry-title\" itemprop=\"headline\">\n <a href=\"https:\/\/orionmna.com\/2016\/evaluez-votre-valeur\/\">Evaluez votre valeur pour un acqu\u00e9reur<\/a><br \/>\n <\/h4>\n<p> <a href=\"https:\/\/orionmna.com\/2016\/evaluez-votre-valeur\/\" class=\"post-thumbnail fw-block-image-child fw-ratio-1 fw-ratio-container\"><br \/>\n <img decoding=\"async\" itemprop=\"image\" src=\"https:\/\/orionmna.com\/2016\/wp-content\/uploads\/2014\/12\/Q4-B.png\" alt=\"Q4 -B\" data-maxdpr=\"1.7\" class=\"attachment-post-thumbnail lazyload\" \/><img decoding=\"async\" src=\"data:image\/gif;base64,R0lGODlhAQABAIAAAAAAAP\/\/\/yH5BAEAAAAALAAAAAABAAEAAAIBRAA7\" data-sizes=\"auto\" data-srcset=\"https:\/\/orionmna.com\/2016\/wp-content\/uploads\/2014\/12\/Q4-B-150x150.png 150w, https:\/\/orionmna.com\/2016\/wp-content\/uploads\/2014\/12\/Q4-B-800x800.png 800w, https:\/\/orionmna.com\/2016\/wp-content\/uploads\/2014\/12\/Q4-B-300x300.png 300w\" alt=\"Q4 -B\" data-maxdpr=\"1.7\" class=\"attachment-post-thumbnail lazyload\" \/><br \/>\n <\/a><\/p>\n<p>Pour \u00e9valuer la valeur de votre soci\u00e9t\u00e9 pour un acqu\u00e9reur, vous allez fournir des informations qui permettent d&rsquo;\u00e9valuer l&rsquo;attrait que vous repr\u00e9senter pour un acheteur potentiel<br \/>\n&#8211; la qualit\u00e9 de l&rsquo;offre produit\/service<br \/>\n&#8211; les performances business\/march\u00e9 de votre offre.<br \/>\nIl s&rsquo;agit bien entendu d&rsquo;une appr\u00e9ciation globale et purement indicative.<\/p>\n<p> By <a href=\"https:\/\/orionmna.com\/2016\/author\/orion_2016\/\" title=\"Articles par Yvon C\" rel=\"author\">Yvon C<\/a><br \/>\n <a rel=\"bookmark\" href=\"https:\/\/orionmna.com\/2016\/evaluez-votre-valeur\/\"><br \/>\n 6 d\u00e9cembre 2014<br \/>\n <\/a><\/p>\n<h4 class=\"entry-title\" itemprop=\"headline\">\n <a href=\"https:\/\/orionmna.com\/2016\/comment-maximiser\/\">Comment maximiser la valeur ?<\/a><br \/>\n <\/h4>\n<p> <a href=\"https:\/\/orionmna.com\/2016\/comment-maximiser\/\" class=\"post-thumbnail fw-block-image-child fw-ratio-1 fw-ratio-container\"><br \/>\n <img decoding=\"async\" itemprop=\"image\" src=\"https:\/\/orionmna.com\/2016\/wp-content\/uploads\/2014\/11\/Carre-OR.png\" alt=\"Carre OR\" data-maxdpr=\"1.7\" class=\"attachment-post-thumbnail lazyload\" \/><img decoding=\"async\" src=\"data:image\/gif;base64,R0lGODlhAQABAIAAAAAAAP\/\/\/yH5BAEAAAAALAAAAAABAAEAAAIBRAA7\" data-sizes=\"auto\" data-srcset=\"https:\/\/orionmna.com\/2016\/wp-content\/uploads\/2014\/11\/Carre-OR-150x150.png 150w, https:\/\/orionmna.com\/2016\/wp-content\/uploads\/2014\/11\/Carre-OR-300x303.png 300w, https:\/\/orionmna.com\/2016\/wp-content\/uploads\/2014\/11\/Carre-OR-300x300.png 300w\" alt=\"Carre OR\" data-maxdpr=\"1.7\" class=\"attachment-post-thumbnail lazyload\" \/><br \/>\n <\/a><\/p>\n<p>Le dirigeant d&rsquo;entreprise de technologie doit : assurer le d\u00e9veloppement commercial et le d\u00e9veloppent produit, le management des \u00e9quipes , g\u00e9rer les finances et l&rsquo;administration<br \/>\nIl doit \u00e9galement lever la t\u00eate du quotidien, veiller sur l&rsquo;\u00e9volution du march\u00e9 et de la concurrence&#8230;<\/p>\n<p> By <a href=\"https:\/\/orionmna.com\/2016\/author\/orion_2016\/\" title=\"Articles par Yvon C\" rel=\"author\">Yvon C<\/a><br \/>\n <a rel=\"bookmark\" href=\"https:\/\/orionmna.com\/2016\/comment-maximiser\/\"><br \/>\n 21 novembre 2014<br \/>\n <\/a><\/p>\n<h4 class=\"entry-title\" itemprop=\"headline\">\n <a href=\"https:\/\/orionmna.com\/2016\/est-ce-le-bon-moment-pour-vendre\/\">Est ce le bon moment pour vendre ?<\/a><br \/>\n <\/h4>\n<p> <a href=\"https:\/\/orionmna.com\/2016\/est-ce-le-bon-moment-pour-vendre\/\" class=\"post-thumbnail fw-block-image-child fw-ratio-1 fw-ratio-container\"><br \/>\n <img decoding=\"async\" itemprop=\"image\" src=\"https:\/\/orionmna.com\/2016\/wp-content\/uploads\/2014\/09\/Cycledevie-e1411334956192.png\" alt=\"Cycledevie-e1411334956192\" data-maxdpr=\"1.7\" class=\"attachment-post-thumbnail lazyload\" \/><img decoding=\"async\" src=\"data:image\/gif;base64,R0lGODlhAQABAIAAAAAAAP\/\/\/yH5BAEAAAAALAAAAAABAAEAAAIBRAA7\" data-sizes=\"auto\" data-srcset=\"https:\/\/orionmna.com\/2016\/wp-content\/uploads\/2014\/09\/Cycledevie-e1411334956192-150x150.png 150w, https:\/\/orionmna.com\/2016\/wp-content\/uploads\/2014\/09\/Cycledevie-e1411334956192-300x300.png 300w\" alt=\"Cycledevie-e1411334956192\" data-maxdpr=\"1.7\" class=\"attachment-post-thumbnail lazyload\" \/><br \/>\n <\/a><\/p>\n<p>Trois facteurs principaux permettent de r\u00e9pondre \u00e0 la question: \u201cest-ce le bon moment pour vendre\u201d :<br \/>\n&#8211; Les fondamentaux op\u00e9rationnels,<br \/>\n&#8211; Les conditions de march\u00e9,<br \/>\n&#8211; et votre position dans le cycle de vie des produits.<\/p>\n<p> By <a href=\"https:\/\/orionmna.com\/2016\/author\/marshall-warwaruk\/\" title=\"Articles par Marshall W\" rel=\"author\">Marshall W<\/a><br \/>\n <a rel=\"bookmark\" href=\"https:\/\/orionmna.com\/2016\/est-ce-le-bon-moment-pour-vendre\/\"><br \/>\n 11 septembre 2014<br \/>\n <\/a><\/p>\n<h4 class=\"entry-title\" itemprop=\"headline\">\n <a href=\"https:\/\/orionmna.com\/2016\/combien-de-temps-dure-un-processus\/\">Combien de temps dure un processus<\/a><br \/>\n <\/h4>\n<p> <a href=\"https:\/\/orionmna.com\/2016\/combien-de-temps-dure-un-processus\/\" class=\"post-thumbnail fw-block-image-child fw-ratio-1 fw-ratio-container\"><br \/>\n <img decoding=\"async\" itemprop=\"image\" src=\"https:\/\/orionmna.com\/2016\/wp-content\/uploads\/2014\/02\/Haies.png\" alt=\"Haies\" data-maxdpr=\"1.7\" class=\"attachment-post-thumbnail lazyload\" \/><img decoding=\"async\" src=\"data:image\/gif;base64,R0lGODlhAQABAIAAAAAAAP\/\/\/yH5BAEAAAAALAAAAAABAAEAAAIBRAA7\" data-sizes=\"auto\" data-srcset=\"https:\/\/orionmna.com\/2016\/wp-content\/uploads\/2014\/02\/Haies-150x150.png 150w, https:\/\/orionmna.com\/2016\/wp-content\/uploads\/2014\/02\/Haies-300x300.png 300w\" alt=\"Haies\" data-maxdpr=\"1.7\" class=\"attachment-post-thumbnail lazyload\" \/><br \/>\n <\/a><\/p>\n<p>Un processus de cession dure de 6 a 18 mois.<br \/>\nVous avez souvent le sentiment quand vous d\u00e9marrez que cela peut durer 3 mois max et que vous pensez que vous \u00eates pr\u00e8s du but.<br \/>\nEn r\u00e9alit\u00e9 il faut toujours passer par les phases de pr\u00e9paration qui durent de fait 6 \u00e0 8 semaines minimum.<\/p>\n<p> By <a href=\"https:\/\/orionmna.com\/2016\/author\/orion_2016\/\" title=\"Articles par Yvon C\" rel=\"author\">Yvon C<\/a><br \/>\n <a rel=\"bookmark\" href=\"https:\/\/orionmna.com\/2016\/combien-de-temps-dure-un-processus\/\"><br \/>\n 21 f\u00e9vrier 2014<br \/>\n <\/a><\/p>\n<h1 class=\"widget-title\">Recherche dans le site<\/h1>\n<p> Rechercher&nbsp;:<\/p>\n<h1 class=\"widget-title\">Les sujets de blog<\/h1>\n<p> <a href=\"https:\/\/orionmna.com\/2016\/category\/blog\/\" >Blog<\/a> (7)<br \/>\n <a href=\"https:\/\/orionmna.com\/2016\/category\/blog\/combien\/\" title=\"&quot;Combien la valeur &quot;articles a la valeur de sortie\">Combien<\/a> (3)<br \/>\n <a href=\"https:\/\/orionmna.com\/2016\/category\/blog\/comment\/\" title=\"&quot;Comment proc\u00e9der&quot; relatif a la methodo ,comment choisie un intermediaire, conduire une DD etc...\">Comment<\/a> (4)<br \/>\n <a href=\"https:\/\/orionmna.com\/2016\/category\/blog\/evaluer\/\" title=\"comment \u00e9valuer la valeur de votre soci\u00e9t\u00e9\">evaluer<\/a> (2)<br \/>\n <a href=\"https:\/\/orionmna.com\/2016\/category\/blog\/quand\/\" title=\"&quot;Quand la sortie&quot; relatif a la dur\u00e9e des processus de M&amp;A\">Quand<\/a> (2)<br \/>\n <a href=\"https:\/\/orionmna.com\/2016\/category\/en-avant\/\" >En avant<\/a> (3)<\/p>\n<h1 class=\"widget-title\">Les mots cl\u00e9s<\/h1>\n<p><a href='https:\/\/orionmna.com\/2016\/tag\/cibles\/' class='tag-link-11 tag-link-position-1' title='4 sujets' style='font-size: 22pt;'>cibles<\/a><br \/>\n<a href='https:\/\/orionmna.com\/2016\/tag\/exclusivite\/' class='tag-link-12 tag-link-position-2' title='1 sujet' style='font-size: 8pt;'>exclusivit\u00e9<\/a><br \/>\n<a href='https:\/\/orionmna.com\/2016\/tag\/longueur-processus\/' class='tag-link-13 tag-link-position-3' title='3 sujets' style='font-size: 18.5pt;'>Longueur processus<\/a><br \/>\n<a href='https:\/\/orionmna.com\/2016\/tag\/market-leader\/' class='tag-link-14 tag-link-position-4' title='3 sujets' style='font-size: 18.5pt;'>Market leader<\/a><br \/>\n<a href='https:\/\/orionmna.com\/2016\/tag\/non-concurrence\/' class='tag-link-15 tag-link-position-5' title='1 sujet' style='font-size: 8pt;'>non concurrence<\/a><br \/>\n<a href='https:\/\/orionmna.com\/2016\/tag\/opportunite\/' class='tag-link-16 tag-link-position-6' title='2 sujets' style='font-size: 14.3pt;'>opportunit\u00e9<\/a><br \/>\n<a href='https:\/\/orionmna.com\/2016\/tag\/prix-cession\/' class='tag-link-18 tag-link-position-7' title='3 sujets' style='font-size: 18.5pt;'>Prix cession<\/a><br \/>\n<a href='https:\/\/orionmna.com\/2016\/tag\/processus-cession\/' class='tag-link-19 tag-link-position-8' title='1 sujet' style='font-size: 8pt;'>Processus cession<\/a><br \/>\n<a href='https:\/\/orionmna.com\/2016\/tag\/preparation\/' class='tag-link-17 tag-link-position-9' title='4 sujets' style='font-size: 22pt;'>pr\u00e9paration<\/a><br \/>\n<a href='https:\/\/orionmna.com\/2016\/tag\/quand-2\/' class='tag-link-20 tag-link-position-10' title='1 sujet' style='font-size: 8pt;'>quand<\/a><br \/>\n<a href='https:\/\/orionmna.com\/2016\/tag\/sleeping-beauty\/' class='tag-link-21 tag-link-position-11' title='1 sujet' style='font-size: 8pt;'>sleeping beauty<\/a><br \/>\n<a href='https:\/\/orionmna.com\/2016\/tag\/synergie\/' class='tag-link-22 tag-link-position-12' title='2 sujets' style='font-size: 14.3pt;'>synergie<\/a><br \/>\n<a href='https:\/\/orionmna.com\/2016\/tag\/techno-leader\/' class='tag-link-23 tag-link-position-13' title='2 sujets' style='font-size: 14.3pt;'>Techno leader<\/a><br \/>\n<a href='https:\/\/orionmna.com\/2016\/tag\/timing\/' class='tag-link-24 tag-link-position-14' title='2 sujets' style='font-size: 14.3pt;'>timing<\/a><br \/>\n<a href='https:\/\/orionmna.com\/2016\/tag\/valeur\/' class='tag-link-25 tag-link-position-15' title='2 sujets' style='font-size: 14.3pt;'>valeur<\/a><br \/>\n<a href='https:\/\/orionmna.com\/2016\/tag\/valaur-entreprise\/' class='tag-link-26 tag-link-position-16' title='3 sujets' style='font-size: 18.5pt;'>Valeur entreprise<\/a><br \/>\n<a href='https:\/\/orionmna.com\/2016\/tag\/valeur-technologie\/' class='tag-link-27 tag-link-position-17' title='3 sujets' style='font-size: 18.5pt;'>valeur technologie<\/a><\/div>\n","protected":false},"excerpt":{"rendered":"<p>Le Blog ORION M&#038;A Quelques reflexions sur les sujets courants Comment trouver le meilleur acheteur ? Cet article est le premier d&rsquo;une s\u00e9rie d&rsquo;articles sur le th\u00e8me : &laquo;&nbsp;comment et o\u00f9 trouver le meilleur acheteur&nbsp;&raquo; . Il ne s&rsquo;agit pas d&rsquo;une baguette magique infaillible mais plut\u00f4t d&rsquo;une m\u00e9thode de travail . By Yvon C 2 [&hellip;]<\/p>\n","protected":false},"author":1,"featured_media":0,"parent":0,"menu_order":0,"comment_status":"closed","ping_status":"closed","template":"visual-builder-template.php","meta":[],"_links":{"self":[{"href":"https:\/\/orionmna.com\/2016\/wp-json\/wp\/v2\/pages\/2827"}],"collection":[{"href":"https:\/\/orionmna.com\/2016\/wp-json\/wp\/v2\/pages"}],"about":[{"href":"https:\/\/orionmna.com\/2016\/wp-json\/wp\/v2\/types\/page"}],"author":[{"embeddable":true,"href":"https:\/\/orionmna.com\/2016\/wp-json\/wp\/v2\/users\/1"}],"replies":[{"embeddable":true,"href":"https:\/\/orionmna.com\/2016\/wp-json\/wp\/v2\/comments?post=2827"}],"version-history":[{"count":12,"href":"https:\/\/orionmna.com\/2016\/wp-json\/wp\/v2\/pages\/2827\/revisions"}],"predecessor-version":[{"id":3314,"href":"https:\/\/orionmna.com\/2016\/wp-json\/wp\/v2\/pages\/2827\/revisions\/3314"}],"wp:attachment":[{"href":"https:\/\/orionmna.com\/2016\/wp-json\/wp\/v2\/media?parent=2827"}],"curies":[{"name":"wp","href":"https:\/\/api.w.org\/{rel}","templated":true}]}}